nder when 61 is divided by k?
29
Suppose 5*r - r - 2*z = 44, 2*r - 26 = 2*z. What is the remainder when 84/(-98)*(0 + -28) is divided by r?
6
Suppose 4*n + 4*j = 56, -3*j - 20 = -3*n + 34. What is the remainder when 46 is divided by n?
14
Let r = -37 - -68. What is the remainder when 121 is divided by r?
28
Let p be (-2)/((-3)/((-9)/(-2))). Let k(l) = 3*l**3 - 3*l**2 - 3*l + 4. Calculate the remainder when k(p) is divided by 17.
15
Let g(m) = -4*m**3. Let w be g(1). Let y be (-2)/4 + 2/w. What is the remainder when 19 is divided by ((-3 - y) + 1)*-10?
9
Suppose 0*w - 120 = -3*w. Suppose -w = -r - 3*r. What is the remainder when r is divided by 6?
4
Let o(n) = -2*n**3 + 15*n**2 + 18*n - 7. Let x(p) = -p**3 + 7*p**2 + 9*p - 3. Let f(d) = -2*o(d) + 5*x(d). What is the remainder when 32 is divided by f(6)?
15
Let c(l) = 4*l**2 - 6*l - 3. What is the remainder when 72 is divided by c(4)?
35
Let k(z) = z**2 + 5*z - 3. Let c be k(-6). Suppose 5*h - 30 = 5*b, h - c*b - 2*b = 18. Let w = -5 - -8. Calculate the remainder when w is divided by h.
0
Suppose 3*x = -3*g + 8*g - 87, x + 64 = 4*g. Let m = -3 + g. What is the remainder when 34 is divided by m?
10
Suppose 5*s = -3*x + 7, -2*s = -x + 3 - 8. Let c be 164 + s/4*6. Calculate the remainder when c/5 - (-2)/(-5) is divided by 17.
16
Let y be (-2)/(4/(-6)) + 0. Suppose y*j - 140 = -j. Calculate the remainder when j is divided by 19.
16
Suppose 5*u - 62 = 3*l, 3*u - 25 + 3 = -2*l. Calculate the remainder when u is divided by 4 - 3 - -1 - -2.
2
Suppose 2*z = -4*c + 32, 0 = -2*c - 4*z + 7 + 3. Calculate the remainder when (-800)/(-48) - 2/3 is divided by c.
7
Let h = -21 + 14. Let q = h - -13. What is the remainder when 23 is divided by q?
5
Let r(y) = y**3 - y**2 - y. Let s be r(-1). Let a = 58 + -9. Calculate the remainder when a is divided by (-1*2 + -23)*s.
24
Calculate the remainder when 73 is divided by 308/16 + (-1)/4.
16
Let n(r) = r**2 + r - 4. Let s be n(3). Let z(l) = l**2 - 9*l + 11. Calculate the remainder when 11 is divided by z(s).
2
Let y(j) = -2*j**3 - 2*j - 1. Let s be y(-1). Suppose -s*l = h - 4*h - 63, 5*l - 121 = h. Calculate the remainder when l is divided by 9.
7
Let a(u) be the third derivative of u**6/20 + u**4/12 - u**3/6 + 2*u**2. Let s be a(1). Let j = -4 + s. Calculate the remainder when 7 is divided by j.
1
Let c(n) = 13*n**2 - n + 1. Suppose 3*v - 12 = 0, -45 - 1 = -2*a + v. Calculate the remainder when a is divided by c(1).
12
Let t(q) = q**3 - 5*q**2 + 3*q + 5. What is the remainder when t(6) is divided by 12?
11
Calculate the remainder when 2 + (-5)/((-15)/108) is divided by 10.
8
Let m = -12 - -36. Calculate the remainder when 66 is divided by m.
18
Suppose -2*r + 22 = 2*c - 6*c, -2*c + 4 = 0. Let n = r - -3. Calculate the remainder when n is divided by 7.
4
Let i be ((-188)/6)/((-4)/(-6)). Let j(g) = 4*g**3 - 4*g**2 - 2*g + 4. Let k be j(3). Let q = i + k. What is the remainder when q is divided by 13?
10
Let l = -2 - -2. Suppose l*v - v + 45 = 0. What is the remainder when v is divided by 12?
9
Suppose -f + 4*f = 69. Calculate the remainder when f is divided by 13.
10
Let c be 2*1*(-18)/(-12). Suppose -24 = -c*x + 18. Suppose 4*d - 2 = x. What is the remainder when d is divided by 2?
0
Let t(x) = x**3 - 19*x**2 + 19*x - 3. What is the remainder when t(18) is divided by 10?
5
Let v = 69 - 32. Calculate the remainder when v is divided by 8.
5
Suppose -2*j + 3*j - 5 = 0. Suppose -l = -j*l - 140. Let o = l - -50. What is the remainder when 29 is divided by o?
14
Suppose -41*u + 42*u = 2. Suppose 3*v + j = 13, -v = -2*v + 4*j - 13. Calculate the remainder when v is divided by u.
1
Suppose 34 = 3*l + 4*p, l = p + 2*p + 33. Calculate the remainder when 69 is divided by l.
15
Let i(l) = -5*l + 16. Calculate the remainder when 61 is divided by i(0).
13
Let k = -98 + 41. Let s = k + 98. Calculate the remainder when s is divided by 21.
20
Let j = -6 - -8. Suppose z - 4 = -j*r, r - 5 = -2*z + 6. Suppose 15 - 27 = -3*s. What is the remainder when z is divided by s?
2
Let m(d) = 2*d**2 - 5*d + 5. Calculate the remainder when 31 is divided by m(4).
14
Let x(f) = 5*f**3 + f**2 - 2*f + 1. Suppose 5*u - 2*z - 13 = 29, -17 = -2*u + z. What is the remainder when u is divided by x(1)?
3
Suppose 3*q + 0*q + m - 5 = 0, 2*q - 5*m = -8. Calculate the remainder when q is divided by 1.
0
Let l(d) = 2*d + 9. Calculate the remainder when 33 is divided by l(0).
6
Let k(q) = q**2 + 4*q + 3. Suppose w = -4*g - 24, -5*g + g - 16 = -w. Suppose 8*z + 16 = 10*z. What is the remainder when z is divided by k(w)?
2
Let j = 15 - 10. Suppose 0*v - j*v - 5 = 0. Calculate the remainder when 23 is divided by 11 - 1*1/v.
11
Let w(h) = 11*h. What is the remainder when w(2) is divided by -204*(-5)/75 + (-6)/10?
9
What is the remainder when 46 is divided by 23 - (81/(-45) + 1/(-5))?
21
Let r(i) = i**2 - 2*i - 2. Let f be 5 + -9 + (-1)/(-1). What is the remainder when r(f) is divided by 8?
5
Let s = 230 - 466. What is the remainder when (2/4)/((-2)/s) is divided by 20?
19
Suppose 0*v - v + 18 = 0. Let u = -6 - -59. Calculate the remainder when u is divided by v.
17
Suppose 17*x - 126 = 10*x. Calculate the remainder when x is divided by 3.
0
Let h(c) = -11*c - 35. Let q(l) = 4*l + 12. Let u(g) = -3*h(g) - 8*q(g). Let p be u(-9). Suppose p*v = v - 28. Calculate the remainder when v is divided by 10.
8
Suppose -t = -0*t + 2. Let s = 1 - t. What is the remainder when 4 is divided by s?
1
What is the remainder when 32 is divided by (-14)/(-4)*(-44)/(-14)?
10
Let m = -4 - -16. Calculate the remainder when 23 is divided by m.
11
Let m(l) = l**2 - 17*l + 26. What is the remainder when m(17) is divided by 7?
5
Suppose 2*r - 29 = -2*f - f, -f + 23 = 4*r. Calculate the remainder when f is divided by 3.
1
Let f(v) = 4*v - 7. Let s be f(3). Suppose s*o + 3*l - 2 = -0*l, -2*o + 5*l + 7 = 0. Let p(r) = -r + 2. Calculate the remainder when p(0) is divided by o.
0
Suppose k = -3*d - 2*d + 60, -2*d - 2*k = -32. Calculate the remainder when 41 is divided by d.
8
Let d be (-9)/6*(-12)/9. Let f = -2 - d. What is the remainder when 1/2 - 10/f is divided by 2?
1
Let u = -94 - -152. What is the remainder when u is divided by 15?
13
Calculate the remainder when ((-1)/(-3))/(11/(-33)) + 40 is divided by 14.
11
Suppose -u + 2*u = 0. Suppose u = -7*x + 4*x + 30. What is the remainder when 29 is divided by x?
9
Let j(y) = -y**3 - 4*y**2 - 3*y. Let l be j(-3). Suppose l*o = -3*o - 780. What is the remainder when (3/(-2))/(15/o) is divided by 9?
8
Let f(s) = -s**2 + 3*s + 4. Let c(h) = -h**3 - h**2 - 1. Let g be c(-2). What is the remainder when f(g) is divided by 3?
1
Suppose 94 + 36 = 5*f. Suppose -b - 5 = 0, 5*h + f - 101 = 3*b. What is the remainder when 35 is divided by h?
11
Let l(d) = 4*d**2 + 13*d + 5. What is the remainder when l(-6) is divided by 25?
21
Let r(l) = 26*l**2 - 3*l - 3. What is the remainder when r(-2) is divided by 27?
26
Suppose 0 = -3*o - p + 14, -6*p = -4*o - 3*p + 10. Calculate the remainder when 39/o*(-40)/(-15) is divided by 14.
12
Let n(z) = z + 27. Let b(p) = p - 10. Let d be b(-7). What is the remainder when 39 is divided by n(d)?
9
Suppose 94 = 2*c + 4*i, 7*c - 2*c - 251 = -2*i. Calculate the remainder when c is divided by 27.
24
Suppose 7 = 7*s + 56. Calculate the remainder when (-61)/(-2) - s/14 is divided by 11.
9
Suppose -15 = 3*y - 69. Calculate the remainder when y is divided by 10.
8
Suppose 2*d = -5*r + 50, 25 - 6 = 2*r + d. What is the remainder when 21 is divided by r?
9
Let t = 276 + -113. Calculate the remainder when t is divided by 41.
40
Let n(j) = 2*j**2 + j - 3. Calculate the remainder when 23 is divided by n(-3).
11
Let x = -24 - -12. Let g be 1/(-3) + 8/x. What is the remainder when 32 is divided by (-1)/g*13 - 2?
10
Suppose 7 + 78 = 5*t. Suppose 0 = 4*j + 1 - t. What is the remainder when 10 is divided by j?
2
Let z be ((-12)/(-2))/(-5 + 7). Suppose -z*g - 2*q + 51 = 0, -3 + 9 = -2*q. What is the remainder when 36 is divided by g?
17
Let j be 3/(-2)*(0 - 2). Suppose j*w - 15 + 3 = 0. Suppose 1 = -w*q + 5. Calculate the remainder when 1 is divided by q.
0
Let d(u) = -u**3 - 12*u**2 + 16*u. Let q be d(-13). Let n = -11 - q. Calculate the remainder when n is divided by 15.
13
Let z(u) be the se